696 and 108228?
348
What is the greatest common factor of 61472 and 238?
34
Calculate the highest common divisor of 30 and 21623010.
30
What is the highest common factor of 5239 and 97526?
403
What is the greatest common divisor of 287854 and 290?
58
What is the greatest common factor of 5565524 and 4?
4
What is the greatest common factor of 90 and 52524?
18
What is the greatest common factor of 27 and 42588?
9
What is the highest common divisor of 826936 and 1496?
88
What is the greatest common factor of 15295 and 1127?
161
What is the highest common divisor of 2814528 and 2466?
822
Calculate the highest common divisor of 261 and 942239.
29
Calculate the highest common factor of 12 and 13782.
6
Calculate the greatest common divisor of 3795 and 1425.
15
What is the highest common divisor of 950 and 356725?
475
What is the highest common divisor of 95519 and 23?
23
Calculate the greatest common divisor of 25880 and 10.
10
Calculate the greatest common divisor of 300 and 61896.
12
What is the greatest common divisor of 26 and 5662?
2
What is the greatest common factor of 10 and 85580?
10
Calculate the greatest common factor of 50496 and 168.
24
What is the greatest common factor of 2233 and 41151?
319
Calculate the greatest common divisor of 48 and 5338976.
16
Calculate the highest common factor of 2091 and 779.
41
What is the highest common factor of 1956 and 918?
6
What is the greatest common divisor of 23 and 70748?
23
Calculate the highest common divisor of 56961 and 2223.
9
What is the highest common divisor of 279 and 318525?
93
What is the highest common divisor of 281 and 71936?
281
Calculate the greatest common factor of 2376 and 394956.
108
What is the greatest common factor of 195 and 57060?
15
Calculate the greatest common divisor of 27 and 147429.
9
What is the highest common divisor of 31104 and 84?
12
Calculate the highest common factor of 24 and 3381492.
12
What is the greatest common divisor of 144 and 383436?
36
What is the greatest common divisor of 118 and 1090143?
59
Calculate the highest common factor of 6 and 31896.
6
Calculate the greatest common divisor of 9435 and 115.
5
What is the highest common factor of 5598 and 2797134?
1866
What is the greatest common factor of 324 and 99117?
27
Calculate the highest common divisor of 125818 and 224.
14
Calculate the highest common divisor of 128156 and 98.
14
What is the highest common divisor of 45 and 384255?
45
Calculate the highest common factor of 14023 and 1516.
379
Calculate the highest common factor of 1248534 and 126.
126
What is the highest common divisor of 63 and 25596?
9
Calculate the highest common factor of 186988 and 11.
1
Calculate the greatest common factor of 30 and 2618304.
6
Calculate the greatest common factor of 22046 and 4234.
146
Calculate the highest common divisor of 33810 and 460.
230
What is the greatest common factor of 4305 and 242925?
615
What is the greatest common factor of 27781848 and 72?
72
What is the greatest common divisor of 11140 and 3740?
20
Calculate the highest common divisor of 96 and 56424.
24
What is the greatest common divisor of 574 and 92127?
287
Calculate the greatest common divisor of 556221 and 222.
111
Calculate the highest common divisor of 965952 and 120.
24
What is the highest common factor of 716 and 860?
4
Calculate the highest common divisor of 1896 and 2616.
24
What is the greatest common divisor of 187 and 151657?
187
Calculate the highest common divisor of 109460 and 520.
260
Calculate the highest common divisor of 176 and 526042.
22
Calculate the highest common factor of 2345 and 4865.
35
Calculate the highest common divisor of 3447 and 198.
9
What is the greatest common factor of 2581 and 1711?
29
Calculate the highest common factor of 1232 and 727408.
176
Calculate the highest common factor of 38 and 113886.
38
What is the greatest common divisor of 117576 and 18?
18
What is the greatest common factor of 325125 and 675?
225
What is the highest common divisor of 42172 and 832?
52
What is the greatest common factor of 302 and 25821?
151
What is the greatest common divisor of 130 and 121875?
65
Calculate the highest common divisor of 20 and 370935.
5
Calculate the greatest common factor of 78206 and 6.
2
What is the greatest common divisor of 238 and 42?
14
Calculate the greatest common divisor of 12 and 22580.
4
What is the highest common divisor of 841 and 5104?
29
Calculate the greatest common divisor of 228 and 89718.
114
Calculate the highest common factor of 948 and 39.
3
Calculate the highest common divisor of 3785 and 299772.
757
Calculate the greatest common divisor of 1989 and 136539.
117
What is the highest common divisor of 25627 and 13075?
523
What is the highest common divisor of 5 and 82435?
5
What is the highest common factor of 1566 and 24246?
54
Calculate the highest common divisor of 242 and 15598.
22
What is the greatest common divisor of 684 and 272232?
684
Calculate the greatest common factor of 637630 and 28.
14
Calculate the greatest common divisor of 6068 and 58756.
148
What is the highest common factor of 119 and 163982?
119
What is the highest common divisor of 165239 and 13733?
443
What is the highest common divisor of 1449461 and 52?
13
Calculate the greatest common factor of 2619 and 28324.
97
Calculate the highest common factor of 90 and 110217.
3
Calculate the highest common factor of 113970 and 1.
1
Calculate the greatest common divisor of 282018 and 6.
6
What is the highest common divisor of 870694 and 22?
22
Calculate the highest common divisor of 92 and 11017.
23
What is the highest common divisor of 11926 and 1273?
67
What is the highest common divisor of 494 and 287755?
247
What is the greatest common factor of 48 and 20080?
16
Calculate the highest common factor of 91800 and 28350.
1350
What is the greatest common factor of 44 and 714076?
44
What is the highest common factor of 76 and 1862?
38
Calculate the highest common divisor of 151231 and 645.
43
What is the highest common divisor of 8960 and 357560?
280
What is the highest common divisor of 620 and 75330?
310
What is the highest common factor of 26 and 91702?
26
Calculate the highest common divisor of 14 and 153237.
7
Calculate the greatest common factor of 678 and 367250.
226
Calculate the highest common divisor of 45974 and 3556.
254
What is the greatest common factor of 8189247 and 19?
19
What is the greatest common divisor of 70 and 5068?
14
Calculate the highest common factor of 300 and 14325.
75
What is the highest common divisor of 982 and 1169071?
491
What is the highest common divisor of 336 and 50904?
168
Calculate the greatest common divisor of 34 and 7116.
2
Calculate the greatest common divisor of 7089 and 2499.
51
What is the greatest common divisor of 85 and 2771?
17
Calculate the highest common divisor of 78022 and 14.
14
What is the highest common factor of 217 and 146041?
217
Calculate the highest common factor of 875283 and 17097.
417
Calculate the highest common divisor of 26 and 16843346.
26
Calculate the highest common factor of 88 and 52492.
44
What is the highest common factor of 9344 and 43968?
64
Calculate the greatest common divisor of 525 and 545.
5
Calculate the greatest common divisor of 2528 and 12561.
79
Calculate the highest common factor of 1225 and 1655955.
245
What is the highest common factor of 631388 and 58?
58
What is the highest common factor of 8540 and 3220?
140
Calculate the greatest common factor of 763224 and 3773.
539
Calculate the greatest common factor of 2135 and 48545.
35
What is the highest common divisor of 22714 and 33794?
554
What is the highest common factor of 75569 and 481?
13
Calculate the highest common factor of 10700264 and 776.
776
What is the highest common divisor of 164625 and 182185?
2195
What is the highest common factor of 8 and 1265132?
4
Calculate the highest common factor of 48990 and 1725.
345
Calculate the greatest common divisor of 95 and 35315.
5
Calculate the highest common divisor of 506 and 6808.
46
Calculate the greatest common factor of 126 and 24858.
18
What is the highest common factor of 34 and 239377?
17
Calculate the highest common factor of 4860724 and 110.
22
What is the greatest common divisor of 3209360 and 3920?
560
What is the 